{"id":1314,"date":"2017-06-20T15:26:00","date_gmt":"2017-06-20T13:26:00","guid":{"rendered":"http:\/\/cpberiain.educacion.navarra.es\/web1\/?page_id=1314"},"modified":"2025-11-06T11:12:14","modified_gmt":"2025-11-06T10:12:14","slug":"jornada-continua","status":"publish","type":"page","link":"https:\/\/cpberiain.educacion.navarra.es\/web1\/jornada-continua\/","title":{"rendered":"Horario general del colegio"},"content":{"rendered":"<p><span style=\"color: #0000ff;\"><em>El colegio tiene jornada continua, es decir, comienza las clases a las 9:00 y acaba a las 14:00, todos los d\u00edas del a\u00f1o.<\/em><\/span><\/p>\n<p><span style=\"color: #0000ff;\"><em>De octubre a mayo, hay extraescolares en horario de tarde, es decir, de 15:45 a 16:30, cuatro d\u00edas a la semana, de lunes a jueves.<\/em><\/span><\/p>\n<ol>\n<li>La entrada ser\u00e1 entre 8:55 y 9:00. No se har\u00e1n grupos en el patio, ya que cada alumno\/a entrar\u00e1 conforme llega.<\/li>\n<li>Hay 5 puertas diferentes para la entrada y salida. A cada curso le corresponde la suya.<\/li>\n<li>La salida ser\u00e1 a las 14:00.<\/li>\n<li>A esa misma hora comenzar\u00e1 el comedor.<\/li>\n<li>El comedor termina a las 15:45 todos los d\u00edas del curso<\/li>\n<li>A esa hora dar\u00e1n comienzo las extraescolares todos los meses excepto septiembre, junio y los viernes de todo el curso .<\/li>\n<li>Las extraescolares acaban a las 16:30, hora a las que saldr\u00e1n los autobuses.<\/li>\n<\/ol>\n<div class=\"hrf-faq-list\"><article class=\"hrf-entry\" id=\"hrf-entry-1331\">\n                      <h3 class=\"hrf-title close-faq\" data-content-id=\"hrf-content-1331\"><span><\/span>Horario de la ma\u00f1ana<\/h3>\n                     <div class=\"hrf-content\" id=\"hrf-content-1331\"><p>El horario de clase durante todo el curso ser\u00e1 el mismo: de 9 a 14:10. Esto sirve para todos los d\u00edas de la semana y todos meses, incluido septiembre y junio.<\/p>\n<p><a href=\"https:\/\/i0.wp.com\/cpberiain.educacion.navarra.es\/web1\/wp-content\/uploads\/2017\/06\/horario-jornada-continua.jpg?ssl=1\"><img data-attachment-id=\"1817\" data-permalink=\"https:\/\/cpberiain.educacion.navarra.es\/web1\/hrf_faq\/horario-de-jornada-continua-manana\/horario-jornada-continua-2\/\" data-orig-file=\"https:\/\/i0.wp.com\/cpberiain.educacion.navarra.es\/web1\/wp-content\/uploads\/2017\/06\/horario-jornada-continua.jpg?fit=695%2C421&amp;ssl=1\" data-orig-size=\"695,421\" data-comments-opened=\"1\" data-image-meta=\"{&quot;aperture&quot;:&quot;0&quot;,&quot;credit&quot;:&quot;&quot;,&quot;camera&quot;:&quot;&quot;,&quot;caption&quot;:&quot;&quot;,&quot;created_timestamp&quot;:&quot;0&quot;,&quot;copyright&quot;:&quot;&quot;,&quot;focal_length&quot;:&quot;0&quot;,&quot;iso&quot;:&quot;0&quot;,&quot;shutter_speed&quot;:&quot;0&quot;,&quot;title&quot;:&quot;&quot;,&quot;orientation&quot;:&quot;0&quot;}\" data-image-title=\"horario jornada continua\" data-image-description=\"\" data-image-caption=\"\" data-medium-file=\"https:\/\/i0.wp.com\/cpberiain.educacion.navarra.es\/web1\/wp-content\/uploads\/2017\/06\/horario-jornada-continua.jpg?fit=300%2C182&amp;ssl=1\" data-large-file=\"https:\/\/i0.wp.com\/cpberiain.educacion.navarra.es\/web1\/wp-content\/uploads\/2017\/06\/horario-jornada-continua.jpg?fit=695%2C421&amp;ssl=1\" loading=\"lazy\" class=\"aligncenter size-full wp-image-1817\" src=\"https:\/\/i0.wp.com\/cpberiain.educacion.navarra.es\/web1\/wp-content\/uploads\/2017\/06\/horario-jornada-continua.jpg?resize=695%2C421&#038;ssl=1\" alt=\"\" width=\"695\" height=\"421\" srcset=\"https:\/\/i0.wp.com\/cpberiain.educacion.navarra.es\/web1\/wp-content\/uploads\/2017\/06\/horario-jornada-continua.jpg?w=695&amp;ssl=1 695w, https:\/\/i0.wp.com\/cpberiain.educacion.navarra.es\/web1\/wp-content\/uploads\/2017\/06\/horario-jornada-continua.jpg?resize=300%2C182&amp;ssl=1 300w\" sizes=\"(max-width: 695px) 100vw, 695px\" data-recalc-dims=\"1\" \/><\/a><\/p>\n<\/div>\n                  <\/article><article class=\"hrf-entry\" id=\"hrf-entry-1344\">\n                      <h3 class=\"hrf-title close-faq\" data-content-id=\"hrf-content-1344\"><span><\/span>Recoger a mi hija\/o: tardes de octubre a mayo (Viernes no)<\/h3>\n                     <div class=\"hrf-content\" id=\"hrf-content-1344\"><p>HAY 3 MOMENTOS EN LOS QUE PUEDES VENIR A RECOGER A TU HIJO\/A:<\/p>\n<ol>\n<li>A la salida de clase (14:00)<\/li>\n<li>Una vez acabado el comedor (15:45).<\/li>\n<li>Cuando acaben las extraescolares (16:30). A esta hora saldr\u00e1n tambi\u00e9n los autobuses.<\/li>\n<\/ol>\n<p><a href=\"https:\/\/i0.wp.com\/cpberiain.educacion.navarra.es\/web1\/wp-content\/uploads\/2017\/06\/horario-jornada-continua-Tarde.jpg\"><img data-attachment-id=\"1339\" data-permalink=\"https:\/\/cpberiain.educacion.navarra.es\/web1\/hrf_faq\/tardes-septiembre-junio-y-viernes\/horario-jornada-continua-tarde\/\" data-orig-file=\"https:\/\/i0.wp.com\/cpberiain.educacion.navarra.es\/web1\/wp-content\/uploads\/2017\/06\/horario-jornada-continua-Tarde.jpg?fit=691%2C405&amp;ssl=1\" data-orig-size=\"691,405\" data-comments-opened=\"1\" data-image-meta=\"{&quot;aperture&quot;:&quot;0&quot;,&quot;credit&quot;:&quot;&quot;,&quot;camera&quot;:&quot;&quot;,&quot;caption&quot;:&quot;&quot;,&quot;created_timestamp&quot;:&quot;0&quot;,&quot;copyright&quot;:&quot;&quot;,&quot;focal_length&quot;:&quot;0&quot;,&quot;iso&quot;:&quot;0&quot;,&quot;shutter_speed&quot;:&quot;0&quot;,&quot;title&quot;:&quot;&quot;,&quot;orientation&quot;:&quot;0&quot;}\" data-image-title=\"horario jornada continua- Tarde\" data-image-description=\"&lt;p&gt;horario jornada continua- Tarde&lt;\/p&gt;\n\" data-image-caption=\"\" data-medium-file=\"https:\/\/i0.wp.com\/cpberiain.educacion.navarra.es\/web1\/wp-content\/uploads\/2017\/06\/horario-jornada-continua-Tarde.jpg?fit=300%2C176&amp;ssl=1\" data-large-file=\"https:\/\/i0.wp.com\/cpberiain.educacion.navarra.es\/web1\/wp-content\/uploads\/2017\/06\/horario-jornada-continua-Tarde.jpg?fit=691%2C405&amp;ssl=1\" loading=\"lazy\" class=\"aligncenter size-full wp-image-1339\" src=\"https:\/\/i0.wp.com\/cpberiain.educacion.navarra.es\/web1\/wp-content\/uploads\/2017\/06\/horario-jornada-continua-Tarde.jpg?resize=691%2C405\" alt=\"horario jornada continua- Tarde\" width=\"691\" height=\"405\" srcset=\"https:\/\/i0.wp.com\/cpberiain.educacion.navarra.es\/web1\/wp-content\/uploads\/2017\/06\/horario-jornada-continua-Tarde.jpg?w=691&amp;ssl=1 691w, https:\/\/i0.wp.com\/cpberiain.educacion.navarra.es\/web1\/wp-content\/uploads\/2017\/06\/horario-jornada-continua-Tarde.jpg?resize=300%2C176&amp;ssl=1 300w, https:\/\/i0.wp.com\/cpberiain.educacion.navarra.es\/web1\/wp-content\/uploads\/2017\/06\/horario-jornada-continua-Tarde.jpg?resize=340%2C200&amp;ssl=1 340w\" sizes=\"(max-width: 691px) 100vw, 691px\" data-recalc-dims=\"1\" \/><\/a><\/p>\n<p>&nbsp;<\/p>\n<\/div>\n                  <\/article><article class=\"hrf-entry\" id=\"hrf-entry-1345\">\n                      <h3 class=\"hrf-title close-faq\" data-content-id=\"hrf-content-1345\"><span><\/span>Guarder\u00eda<\/h3>\n                     <div class=\"hrf-content\" id=\"hrf-content-1345\"><p>Habr\u00e1 servicio de guarder\u00eda gestionado por la Apyma, de\u00a0 <i>7:45\u00a0 a\u00a0 9 de la ma\u00f1ana.<\/i>.<\/p>\n<\/div>\n                  <\/article><article class=\"hrf-entry\" id=\"hrf-entry-1346\">\n                      <h3 class=\"hrf-title close-faq\" data-content-id=\"hrf-content-1346\"><span><\/span>Comedor<\/h3>\n                     <div class=\"hrf-content\" id=\"hrf-content-1346\"><p><span style=\"color: #0000ff;\">Este curso no habr\u00e1 comedor de la Apyma, ya que el del Gobierno de Navarra se abrir\u00e1 todos los d\u00edas del curso, desde el 1 de octubre hasta 21 de junio.<\/span><\/p>\n<p><span style=\"color: #0000ff;\">Esto sirve para todos los d\u00edas de la semana, de lunes a viernes.<\/span><\/p>\n<p>&nbsp;<\/p>\n<p>Por tanto:<\/p>\n<ul>\n<li>El alumnado transportado se quedar\u00e1 en el comedor todos los d\u00edas del curso escolar<\/li>\n<li>El sistema de becas para las familias que lo necesiten cubrir\u00e1 todos los d\u00edas del curso.<\/li>\n<li>El horario de comedor ser\u00e1 de 14:00 a 15:45, en dos turnos.<\/li>\n<li style=\"list-style-type: none;\">\n<ul>\n<li>Primer turno: 1\u00ba de infantil a 2\u00ba de primaria<\/li>\n<li>Segundo turno: 3\u00ba a 6\u00ba de primaria<\/li>\n<li>El alumnado de 1\u00ba de infantil tendr\u00e1 un espacio tranquilo para la siesta en la sala de psicomotricidad.<\/li>\n<\/ul>\n<\/li>\n<li>La hora de recogida ser\u00e1 \u00fanica para todo el alumnado y no escalonada.\n<ul>\n<li>En septiembre, junio y los viernes saldr\u00e1n a la 15:45, por la puerta por la que les corresponde entrar.<\/li>\n<li>Durante el curso, cuando haya extraescolares, aquellos ni\u00f1os y ni\u00f1as que se queden al comedor pero no a las extraescolares, saldr\u00e1n por la puerta principal a las 15;45.<\/li>\n<\/ul>\n<\/li>\n<\/ul>\n<\/div>\n                  <\/article><article class=\"hrf-entry\" id=\"hrf-entry-1347\">\n                      <h3 class=\"hrf-title close-faq\" data-content-id=\"hrf-content-1347\"><span><\/span>Extraescolares<\/h3>\n                     <div class=\"hrf-content\" id=\"hrf-content-1347\"><p>Las extraescolares ser\u00e1n de lunes a jueves, una vez acabado el comedor, es decir, de 15:45 a 16:30.<\/p>\n<h5><strong><span style=\"color: #800080;\">Extraescolares del colegio:<\/span><\/strong><\/h5>\n<ul>\n<li><span style=\"color: #800080;\">Son gratuitas y pueden participar en ellas todos los ni\u00f1os\/as del colegio, previa inscripci\u00f3n.<\/span><\/li>\n<li><span style=\"color: #800080;\">El colegio ofertar\u00e1 dos actividades por nivel y, tras recibir las inscripciones y vistos los recursos del colegio, se crear\u00e1n los grupos definitivos. Al alumnado apuntado a una actividad que no se ponga en marcha se le ofertar\u00e1 la posibilidad de apuntarse a la alternativa.<\/span><\/li>\n<\/ul>\n<h5><\/h5>\n<h5><strong><span style=\"color: #0000ff;\">Extraescolares de la Apyma<\/span><\/strong><\/h5>\n<p><span style=\"color: #0000ff;\">La Apyma, por su parte, har\u00e1 una oferta de actividades otro horario distinto horario. La normativa sobre la jornada continua impide que sea en este mismo tramo horario<\/span><\/p>\n<p><span style=\"color: #0000ff;\">La apyma publicar\u00e1 su oferta en septiembre y se centrar\u00e1 bien en el horario del comedor o comenzar\u00e1 a las 16:30.<\/span><\/p>\n<ul>\n<li><span style=\"color: #0000ff;\">Estas actividades ser\u00e1n de pago, como hasta ahora, ya que los monitores son contratados.<\/span><\/li>\n<li><span style=\"color: #0000ff;\">Se desarrollar\u00e1n en las instalaciones del colegio.<\/span><\/li>\n<\/ul>\n<p>&nbsp;<\/p>\n<\/div>\n                  <\/article><\/div>\n<h5><\/h5>\n","protected":false},"excerpt":{"rendered":"<p>El colegio tiene jornada continua, es decir, comienza las clases a las 9:00 y acaba a las 14:00, todos los d\u00edas del a\u00f1o. De octubre a mayo, hay extraescolares en horario de tarde, es decir, de 15:45 a 16:30, cuatro d\u00edas a la semana, de lunes a jueves. La entrada ser\u00e1 entre 8:55 y 9:00. [&hellip;]<\/p>\n","protected":false},"author":1,"featured_media":0,"parent":0,"menu_order":0,"comment_status":"closed","ping_status":"closed","template":"","meta":{"_genesis_hide_title":false,"_genesis_hide_breadcrumbs":false,"_genesis_hide_singular_image":false,"_genesis_hide_footer_widgets":false,"_genesis_custom_body_class":"","_genesis_custom_post_class":"","_genesis_layout":"","jetpack_post_was_ever_published":false},"jetpack_sharing_enabled":true,"_links":{"self":[{"href":"https:\/\/cpberiain.educacion.navarra.es\/web1\/wp-json\/wp\/v2\/pages\/1314"}],"collection":[{"href":"https:\/\/cpberiain.educacion.navarra.es\/web1\/wp-json\/wp\/v2\/pages"}],"about":[{"href":"https:\/\/cpberiain.educacion.navarra.es\/web1\/wp-json\/wp\/v2\/types\/page"}],"author":[{"embeddable":true,"href":"https:\/\/cpberiain.educacion.navarra.es\/web1\/wp-json\/wp\/v2\/users\/1"}],"replies":[{"embeddable":true,"href":"https:\/\/cpberiain.educacion.navarra.es\/web1\/wp-json\/wp\/v2\/comments?post=1314"}],"version-history":[{"count":16,"href":"https:\/\/cpberiain.educacion.navarra.es\/web1\/wp-json\/wp\/v2\/pages\/1314\/revisions"}],"predecessor-version":[{"id":5791,"href":"https:\/\/cpberiain.educacion.navarra.es\/web1\/wp-json\/wp\/v2\/pages\/1314\/revisions\/5791"}],"wp:attachment":[{"href":"https:\/\/cpberiain.educacion.navarra.es\/web1\/wp-json\/wp\/v2\/media?parent=1314"}],"curies":[{"name":"wp","href":"https:\/\/api.w.org\/{rel}","templated":true}]}}