{"id":230,"date":"2017-03-01T15:11:36","date_gmt":"2017-03-01T14:11:36","guid":{"rendered":"http:\/\/cpberiain.educacion.navarra.es\/web1\/?page_id=230"},"modified":"2025-11-06T14:49:12","modified_gmt":"2025-11-06T13:49:12","slug":"otros","status":"publish","type":"page","link":"https:\/\/cpberiain.educacion.navarra.es\/web1\/otros\/","title":{"rendered":"Otros"},"content":{"rendered":"<p><a href=\"https:\/\/i0.wp.com\/cpberiain.educacion.navarra.es\/web1\/wp-content\/uploads\/2017\/03\/agenda.jpg\"><img data-attachment-id=\"412\" data-permalink=\"https:\/\/cpberiain.educacion.navarra.es\/web1\/otros\/agenda\/\" data-orig-file=\"https:\/\/i0.wp.com\/cpberiain.educacion.navarra.es\/web1\/wp-content\/uploads\/2017\/03\/agenda.jpg?fit=1024%2C590&amp;ssl=1\" data-orig-size=\"1024,590\" data-comments-opened=\"1\" data-image-meta=\"{&quot;aperture&quot;:&quot;0&quot;,&quot;credit&quot;:&quot;&quot;,&quot;camera&quot;:&quot;&quot;,&quot;caption&quot;:&quot;&quot;,&quot;created_timestamp&quot;:&quot;0&quot;,&quot;copyright&quot;:&quot;&quot;,&quot;focal_length&quot;:&quot;0&quot;,&quot;iso&quot;:&quot;0&quot;,&quot;shutter_speed&quot;:&quot;0&quot;,&quot;title&quot;:&quot;&quot;,&quot;orientation&quot;:&quot;0&quot;}\" data-image-title=\"agenda\" data-image-description=\"\" data-image-caption=\"\" data-medium-file=\"https:\/\/i0.wp.com\/cpberiain.educacion.navarra.es\/web1\/wp-content\/uploads\/2017\/03\/agenda.jpg?fit=300%2C173&amp;ssl=1\" data-large-file=\"https:\/\/i0.wp.com\/cpberiain.educacion.navarra.es\/web1\/wp-content\/uploads\/2017\/03\/agenda.jpg?fit=1024%2C590&amp;ssl=1\" loading=\"lazy\" class=\"aligncenter wp-image-412\" src=\"https:\/\/i0.wp.com\/cpberiain.educacion.navarra.es\/web1\/wp-content\/uploads\/2017\/03\/agenda.jpg?resize=540%2C311\" alt=\"\" width=\"540\" height=\"311\" srcset=\"https:\/\/i0.wp.com\/cpberiain.educacion.navarra.es\/web1\/wp-content\/uploads\/2017\/03\/agenda.jpg?w=1024&amp;ssl=1 1024w, https:\/\/i0.wp.com\/cpberiain.educacion.navarra.es\/web1\/wp-content\/uploads\/2017\/03\/agenda.jpg?resize=300%2C173&amp;ssl=1 300w, https:\/\/i0.wp.com\/cpberiain.educacion.navarra.es\/web1\/wp-content\/uploads\/2017\/03\/agenda.jpg?resize=768%2C443&amp;ssl=1 768w\" sizes=\"(max-width: 540px) 100vw, 540px\" data-recalc-dims=\"1\" \/><\/a><\/p>\n<p>Adem\u00e1s del aula de madrugadoras, la Apyma se encarga de otras actividades y servicios.<\/p>\n<h5><em><span style=\"color: #3366ff;\">AGENDA ESCOLAR<\/span><\/em><\/h5>\n<p>Con la colaboraci\u00f3n y sugerencias del colegio, la Apyma confecciona y regala a todos sus asociados\/as la Agenda Escolar del colegio, en aquellos cursos que la usan (2\u00ba a 6\u00ba de primaria). Para el resto de alumnado asociado, se prepara un detalle de bienvenida al nuevo cuso.<\/p>\n<h5><em><span style=\"color: #3366ff;\">FORMACI\u00d3N PARA LAS FAMILIAS<\/span><\/em><\/h5>\n<p>La federaci\u00f3n de Apymas Herrikoa nos env\u00eda su oferta de charlas y cursos, que la Apyma ofrece a su vez a las familias del colegio.<\/p>\n<p>Adem\u00e1s, junto con el colegio y SSBB, se est\u00e1n organizando unas charlas para familias sobre temas actuales de inter\u00e9s. Se est\u00e1n intentando realizar 3 por curso.\u00a0<\/p>\n<h5><em><span style=\"color: #3366ff;\">CASTA\u00d1ADA<\/span><\/em><\/h5>\n<p>Todos los a\u00f1os, coincidiendo con el patr\u00f3n de Beriain (San Mart\u00edn), la Apyma se encarga de hacer y repartir casta\u00f1as para todo el alumnado del colegio. Es una actividad bonita, tanto para el alumnado como para las madres y padres que colaboramos en ella.<\/p>\n<h5><span style=\"color: #3366ff;\"><em>CHOCOLATADA<\/em><\/span><\/h5>\n<p><span style=\"color: #000000;\">Para tener un momento muy dulce y ayudar a pasar mejor las ma\u00f1anas fr\u00edas de invierno,\u00a0 a principios de a\u00f1o preparamos un buen chocolate caliente con bollos para todo el alumnado. Actividad que el alumnado realiza de una forma muy gustosa y \u00abdeliciosa\u00bb.\u00a0 <\/span><\/p>\n\n\n<h5><em>COMIDA DE FINAL DE CURSO<\/em><\/h5>\n\n\n\n<p>EXCURSIONES<\/p>\n\n\n\n<p><\/p>\n","protected":false},"excerpt":{"rendered":"<p>Adem\u00e1s del aula de madrugadoras, la Apyma se encarga de otras actividades y servicios. AGENDA ESCOLAR Con la colaboraci\u00f3n y sugerencias del colegio, la Apyma confecciona y regala a todos sus asociados\/as la Agenda Escolar del colegio, en aquellos cursos que la usan (2\u00ba a 6\u00ba de primaria). Para el resto de alumnado asociado, se [&hellip;]<\/p>\n","protected":false},"author":1,"featured_media":0,"parent":0,"menu_order":0,"comment_status":"closed","ping_status":"closed","template":"","meta":{"_genesis_hide_title":false,"_genesis_hide_breadcrumbs":false,"_genesis_hide_singular_image":false,"_genesis_hide_footer_widgets":false,"_genesis_custom_body_class":"","_genesis_custom_post_class":"","_genesis_layout":"","jetpack_post_was_ever_published":false},"jetpack_sharing_enabled":true,"_links":{"self":[{"href":"https:\/\/cpberiain.educacion.navarra.es\/web1\/wp-json\/wp\/v2\/pages\/230"}],"collection":[{"href":"https:\/\/cpberiain.educacion.navarra.es\/web1\/wp-json\/wp\/v2\/pages"}],"about":[{"href":"https:\/\/cpberiain.educacion.navarra.es\/web1\/wp-json\/wp\/v2\/types\/page"}],"author":[{"embeddable":true,"href":"https:\/\/cpberiain.educacion.navarra.es\/web1\/wp-json\/wp\/v2\/users\/1"}],"replies":[{"embeddable":true,"href":"https:\/\/cpberiain.educacion.navarra.es\/web1\/wp-json\/wp\/v2\/comments?post=230"}],"version-history":[{"count":7,"href":"https:\/\/cpberiain.educacion.navarra.es\/web1\/wp-json\/wp\/v2\/pages\/230\/revisions"}],"predecessor-version":[{"id":5818,"href":"https:\/\/cpberiain.educacion.navarra.es\/web1\/wp-json\/wp\/v2\/pages\/230\/revisions\/5818"}],"wp:attachment":[{"href":"https:\/\/cpberiain.educacion.navarra.es\/web1\/wp-json\/wp\/v2\/media?parent=230"}],"curies":[{"name":"wp","href":"https:\/\/api.w.org\/{rel}","templated":true}]}}